mon divisor of w and 168.
14
Let i(j) = 4*j**2 - 4*j + 24. Let a be i(4). Calculate the greatest common divisor of 414 and a.
18
Suppose 0 = 2*y - y + 16. Let v = y - -49. Let h = -31 + v. Calculate the highest common divisor of h and 4.
2
Suppose 0 = 5*v - 2*a, a + 1 = 3*v - 0. Suppose -t + 0*u + 172 = v*u, 4*u = 2*t - 376. What is the highest common divisor of 72 and t?
36
Let v be (-10)/(3/(1 + 2)). Let y be 3/(12/8) + v. Let f = 1 - y. What is the greatest common factor of f and 72?
9
Suppose 0*p - z - 108 = -4*p, 2*p - 4*z = 68. Let q be 2/(1*(-1)/p). Let c = -13 - q. What is the greatest common divisor of c and 26?
13
Let q be 3/3*-1 - -3. Let v be 6*(-3 - (-4)/q). Let g be (3 + (-9)/2)*v. Calculate the greatest common divisor of 3 and g.
3
Suppose -8 = -5*u - 18. Let p = u + 9. Let k(o) = o**2 + 2*o - 1. Let n be k(-4). Calculate the highest common divisor of p and n.
7
Suppose -3*p - p = 2*s + 24, -4*s = -4*p. Let d be 28 + (16/s - -4). Let y = d + -24. What is the highest common divisor of y and 20?
4
Suppose -4*l = 16, -3*c - l + 48 = -c. Let u = -54 - -119. Suppose -u = 4*z - 9*z. Calculate the greatest common divisor of c and z.
13
Let t = 4 + 4. Suppose 2*a + 149 = 229. Calculate the highest common factor of t and a.
8
Suppose -13*d - 1791 = -16*d + c, 0 = -6*c. Calculate the highest common factor of d and 3.
3
Let r be (-361)/(-3) + 12/18. Let p(i) = 2 + 1 + 4*i - 4 - 3*i. Let w be p(12). Calculate the greatest common divisor of r and w.
11
Let m be 1*(6/3 - 0). Suppose -6 = -z + m. Let c = -2 + z. Calculate the greatest common divisor of c and 6.
6
Suppose -13*t - 128 = -15*t - 4*q, -2*q = 3*t - 208. Calculate the greatest common factor of 8 and t.
8
Let u(x) = 29*x + 10 - 37 + 10. Let n be u(4). Let t(r) = -r + 17. Let z be t(8). Calculate the greatest common factor of z and n.
9
Let j(x) = 40*x**3 + x**2 - 3*x + 4. Let c be j(2). Suppose -42 = -k - 4*u, -5*k - 112 + c = -2*u. What is the greatest common factor of k and 6?
6
Let i be 19/7 - 2/(-7). Suppose i*r - 304 = 41. What is the greatest common factor of 46 and r?
23
Suppose 6*d - 3*a = d + 665, d = 5*a + 111. Calculate the highest common divisor of d and 8.
8
Let i be (-4)/6*(-60)/4. Suppose 215 = 11*q - 115. Calculate the greatest common factor of i and q.
10
Let f(j) = 29*j**2 + 2*j + 1. Let b be (-1 - -6) + 9/(-3). Suppose -7 + b = 5*q. Let u be f(q). What is the highest common divisor of u and 42?
14
Let v be 2112/9*(-54)/(-36). What is the highest common divisor of 8 and v?
8
Let b(t) be the second derivative of -3*t**3/2 - 23*t**2/2 + 7*t. Let p be b(-5). Let k be 3 + -2 - (1 + -33). Calculate the highest common divisor of p and k.
11
Let x(i) = -2*i + 23. Let z be x(9). Let d(u) = u**2 + u + 612. Let q be d(0). Suppose q = z*k - k. What is the greatest common factor of k and 17?
17
Suppose 5*l + 0*x - 218 = x, -l - 5*x = -54. What is the greatest common factor of 209 and l?
11
Let m(b) = b**2 - 2*b - 8. Let r be m(-6). Suppose -3*l + 43 = -4*p + 7, 5*p + 49 = 4*l. Calculate the highest common factor of r and l.
8
Let s(z) = 11*z - 68. Let l be s(18). Calculate the greatest common factor of 26 and l.
26
Let c(h) = h**3 - 13*h**2 - 5*h - 2. Let b be c(14). Calculate the greatest common factor of 558 and b.
62
Let f = 192 - 156. Calculate the greatest common divisor of f and 18.
18
Let i(f) be the third derivative of f**5/20 - f**4/12 - f**3/2 + 11*f**2. Let z be i(-1). What is the greatest common factor of z and 8?
2
Suppose -19*l = 13 - 51. Suppose 5*v + 3*r - 9 = 2*r, 4*r = 3*v - 10. What is the highest common divisor of v and l?
2
Let j(u) = -u**3 - 5*u**2 - u + 5. Let c be j(-5). Let l = 2446 + -2436. Calculate the greatest common factor of c and l.
10
Let k(t) = 4 - 6*t + 1 + 1. Let u = 171 + -175. Let h be k(u). Calculate the greatest common divisor of 10 and h.
10
Suppose -2*m = v - 0 - 1, -9 = 3*v. Let y be (0 + 4)*10/2. Suppose -g - c = -4, -g - c + y = m*g. Calculate the greatest common factor of 2 and g.
2
Let i = -100 - -125. What is the highest common factor of 35 and i?
5
Let g be 21/12 + -2 + (-3087)/(-28). Let n be ((-2)/(-2))/((-1)/(-10)). Calculate the greatest common divisor of n and g.
10
Suppose 96 = 7*m - 177. What is the greatest common factor of 13 and m?
13
Let w(q) be the first derivative of 5/2*q**2 - 4*q - 2. Let a be w(5). Calculate the highest common factor of 189 and a.
21
Let n = -163 + 169. Calculate the highest common factor of n and 162.
6
Suppose -3*r + 34 = -41*g + 42*g, -2*g - 5*r + 72 = 0. Let i be (2/(-2))/(1/(-2)). What is the greatest common factor of i and g?
2
Let m be (-3)/(27/2) + (-28704)/(-621). Suppose -100 = -2*f - 8. Calculate the highest common divisor of m and f.
46
Suppose 2*u - 46 - 48 = 0. Calculate the highest common factor of u and 423.
47
Let f = -505 - -547. Calculate the greatest common factor of f and 42.
42
Suppose 0*p + p = 292. Suppose 112 - p = -5*h. Calculate the highest common divisor of 12 and h.
12
Let q = 291 - 235. Calculate the greatest common divisor of q and 280.
56
Let s be 4/(2 - -2)*5. Suppose -s*t = -3 - 7. Suppose d - t*d = -18. Calculate the highest common divisor of d and 45.
9
Let c = -6 + 42. Suppose -8*b - c = -9*b. What is the highest common divisor of 9 and b?
9
Let w be 47495/175 + 9/15. Suppose -3*k - c = 11 - 115, -2*k = -5*c - 58. Calculate the greatest common divisor of k and w.
34
Let f = 677 + -668. Suppose 5 = 5*w - b - 8, w - 1 = b. Calculate the highest common divisor of w and f.
3
Suppose -27*v = 12247 - 31039. What is the highest common divisor of 24 and v?
24
Let k(f) = -21*f + 38. Let s be k(-10). Calculate the highest common divisor of 24 and s.
8
Suppose 0 = 2*j - 6, 25*j - 28*j = 2*z - 69. What is the greatest common divisor of 1410 and z?
30
Suppose 30*u + 19 = 31*u. Calculate the greatest common factor of u and 57.
19
Suppose -3*d + 3*c + 45 = 0, -18*d = -14*d - c - 66. Suppose 5*k = -4*j + 178, 3*k - 146 = -k - 5*j. What is the greatest common factor of d and k?
17
Let r(k) = 3*k**2 + 6*k - 32. Let d be r(-6). Let o = 122 - d. What is the greatest common divisor of o and 123?
41
Let y = 32 - -8. What is the greatest common divisor of y and 56?
8
Let z be (-81 + 71)*2*(-3 + 2). Calculate the greatest common divisor of z and 28.
4
Suppose a + 0*a = 312. Suppose -a = -34*d + 30*d. What is the highest common divisor of 26 and d?
26
Let g(k) = 14*k - 60. Let o be g(8). Let x be ((-21)/(-14))/(-1 + 58/o). Calculate the highest common divisor of 26 and x.
13
Suppose 12 - 32 = -2*k. Let u be 18/k + 4/(-5). Let t be (35/(-15) - u)*-33. Calculate the greatest common divisor of 22 and t.
22
Let n(h) = 36*h**2 + 26*h - 16. Let d(a) = 7*a**2 + 5*a - 3. Let i(c) = 16*d(c) - 3*n(c). Let s be i(2). Calculate the greatest common factor of 70 and s.
10
Let o = 5 - 13. Let p = -17 - o. Let x(s) = -s**3 - 10*s**2 - 11*s - 10. Let t be x(p). Calculate the greatest common factor of t and 24.
8
Suppose -4*j = -73*j + 1173. What is the greatest common divisor of j and 425?
17
Let y = -7 - -73. Let n(j) = j**2 - j - 1. Let l be n(3). Suppose -6 = 3*g, -l*a - 2*g + 7 + 19 = 0. What is the greatest common factor of y and a?
6
Let l(z) = z**2 + 6*z - 2. Let t be l(-6). Let f be 2 + 2 - (t + 3). Suppose f*i = -0*i + 48. Calculate the greatest common factor of 176 and i.
16
Let r = -9 + 28. Let g be (3439/1086)/(2/132). What is the highest common factor of r and g?
19
Let v = -2151 + 2210. What is the greatest common factor of 1711 and v?
59
Suppose -177*g + 172*g + 270 = 0. Calculate the highest common factor of 360 and g.
18
Let l be (5 + 1)/((-4)/2). Let a be (-56)/l*30/20. What is the highest common divisor of 196 and a?
28
Let o be -1*161/7*-1. What is the highest common factor of 368 and o?
23
Let f be 3 + (-4 - (4 - 110)). What is the greatest common factor of f and 35?
35
Suppose 3*v - 2*o + 46 = 161, 4*o - 50 = -2*v. Calculate the greatest common factor of v and 10.
5
Let w(k) = k**3 + 3*k**2 + 4. Let f be w(-3). Suppose -108 = -r - 3*r - f*z, 27 = r - 3*z. What is the highest common factor of 9 and r?
9
Suppose -2*f + 22 - 4 = 4*x, 0 = 5*x. Let c = f + -8. Suppose -2*s - 20 = -o + c, -s = 4*o - 111. Calculate the highest common factor of o and 18.
9
Suppose 132*q - 131*q + 2*j